13*l + 24. Calculate the highest common divisor of 66 and l.
6
Suppose -o + 152 = 3*o. Suppose -d + o = d. Let c be 1 + ((-1248)/3)/(-2). Calculate the highest common divisor of c and d.
19
Suppose 288 = 10*s - 7*s. Calculate the greatest common factor of 12 and s.
12
Let s be (-6 - -1)/(-1 + 0). Let u(a) = -a**2 - 5*a - 5. Let r be u(-5). Let k be r/(-2*3/12). What is the greatest common factor of s and k?
5
Let p = -10 - -15. Let v = -2 + p. Let s be (-1 + 40/(-2))/(-1). Calculate the greatest common factor of s and v.
3
Suppose 0 = t - 2*y + 2, 0 = 4*t - 5*y - 1. Suppose 6 = -t*u + 3*u. Let f = 9 + u. Calculate the highest common divisor of 3 and f.
3
Suppose -2*c + 3*o + 22 = -6*c, -3*c - o - 14 = 0. Let s = 7 - c. What is the greatest common divisor of s and 44?
11
Let v(t) = 4*t**2 + 4*t + 8. Let c(q) = 3*q + 3. Let y be c(-3). Let s be v(y). Suppose 0 = -0*d + 3*d - 48. Calculate the highest common factor of d and s.
16
Let a(t) = -3*t**2 + 11*t - 4. Let y be a(9). Let q = -106 - y. Let x(j) = 5*j**2 - 3*j. Let v be x(2). What is the highest common factor of q and v?
14
Let a(z) = z**2 + 2*z - 3. Let o be a(-5). Suppose -n + p = 3*n - 29, 0 = -3*n - p + 27. What is the greatest common divisor of n and o?
4
Suppose 4*d - 72 - 48 = 0. Let f(a) = -a + 3. Let n be f(-3). Calculate the highest common factor of d and n.
6
Let w(t) = -t + 15. Let s be w(-15). Calculate the greatest common factor of 20 and s.
10
Let v(f) = -6*f + 1. Let y be v(-1). Suppose 3*x - 2*x + y = 0. Let k = x + 27. Calculate the highest common divisor of 4 and k.
4
Let x(r) = 15*r**3 + 2*r - 1. Let q be x(1). Let o be (4 - 0)*(-10)/4. Let z = o + q. Calculate the highest common divisor of z and 4.
2
Let c = 19 + 5. Let k be 1/(-2) + (-51)/(-6). Suppose -k = 3*u - 56. What is the highest common factor of c and u?
8
Let q be (0/(-3))/(1 - 0). Suppose -2*j + q*j = 0. Let o be 36 + -3 - (1 + j). Calculate the highest common factor of o and 80.
16
Suppose -4 = 4*y - 12. Suppose 8 = 2*z - 3*k + 4*k, 8 = -4*z + 4*k. What is the highest common factor of y and z?
2
Let u(t) = 5*t**2 - 8*t + 3. Let z be (1/(-3))/(2/(-30)). Let j be u(z). Calculate the greatest common divisor of j and 11.
11
Let i(a) = a**2 - 10*a + 32. Let o be i(6). What is the greatest common divisor of 12 and o?
4
Let y = -6 - -6. Let o = y - -7. Calculate the highest common factor of 7 and o.
7
Suppose -9*i = -14*i + 110. What is the greatest common divisor of i and 2?
2
Let d(o) = 5*o**2 - 2*o + 1. Let h be d(1). What is the greatest common factor of h and 16?
4
Suppose -2*n - 4*v = -34, -5*v + 2*v = -n - 3. Let y be ((0 - -1) + -2)*-9. What is the highest common factor of n and y?
9
Let l = -7 + 9. Let q be -4 - (-1 - l) - -1. Suppose q = 2*t - 31 - 13. Calculate the highest common divisor of 198 and t.
22
Let l(j) be the first derivative of -j**2/2 + 9*j - 3. Let a be l(9). Suppose 18 = -a*i + 3*i. What is the greatest common divisor of 66 and i?
6
Suppose 4*t + 4*w + w - 48 = 0, 3*t + 4*w - 37 = 0. Let o = 11 - t. Suppose -2*x + 28 = -36. What is the greatest common factor of o and x?
4
Let i = -230 + 330. Calculate the highest common divisor of 20 and i.
20
Suppose -t + 4*p + 82 = t, -10 = -2*p. What is the greatest common factor of t and 255?
51
Let k = -9 + 11. Let q be (20/3)/(k/18). Let d = -3 + 15. What is the greatest common factor of d and q?
12
Suppose 2*b - 14 - 16 = 0. Let i(m) = -7*m. Let y be i(-4). Let c = y - b. What is the greatest common divisor of 26 and c?
13
Let v = 582 - 296. Let x = -2 - -28. What is the highest common factor of x and v?
26
Suppose 2*z - z = 2*w - 69, 3*z = 9. Let o be 10/(-2)*(-12)/5. What is the greatest common divisor of w and o?
12
Suppose 14*n - q + 1243 = 17*n, -2*q = 2*n - 830. What is the highest common factor of 18 and n?
18
Let b(i) = 2*i - 2. Let w be b(3). Suppose -45 = -w*d - d. Calculate the greatest common factor of 18 and d.
9
Let d(b) = b - 3. Let y be d(3). Suppose -3*k + 18 + 27 = y. What is the highest common divisor of k and 15?
15
Let p be -3 - 55*(0 + -5). What is the greatest common divisor of p and 34?
34
Suppose -12 = 4*v + 4*d + 8, -3*v + 2*d - 5 = 0. Let p(f) = 2*f**2 + 3*f + 1. Let m be p(v). Let x = 41 - 26. What is the greatest common factor of m and x?
5
Suppose -2*g = 2*g - 8. Suppose -10 = g*d - 38. Calculate the highest common factor of 14 and d.
14
Suppose 4*r + 185 = 5*h + 3*r, -4*r + 124 = 4*h. Calculate the highest common divisor of 4 and h.
4
Let i = -1 - 0. Let c be -2 + (i - -4) + 79. Let v(z) = 9*z**3 + z**2 + z - 1. Let x be v(1). Calculate the highest common factor of x and c.
10
Suppose -9*n = -8*n - 24. Calculate the highest common factor of n and 16.
8
Let p be (-4)/12*(-13 - -1). Suppose 2*h - 15 = 3*f, 2 = 3*f + 11. Let b = -2 + h. What is the greatest common divisor of b and p?
1
Let x be 68/6 + 4/6. Let i(p) = -p - 10. Let f be i(-12). Suppose 0*r = f*r - 216. What is the greatest common divisor of x and r?
12
Suppose w + b = -1, 2*w - 4*b + b = 23. Suppose w*o + 9 = 25. What is the greatest common factor of 20 and o?
4
Let p be 0 - ((-2)/1 - 16). Suppose -2*x = -5*x - p. Let r(s) = 4*s**2 + 9*s. Let v be r(x). What is the highest common divisor of v and 15?
15
Let b = -40 - -58. What is the greatest common factor of 36 and b?
18
Suppose -5*r = -51 + 11. Let a be -2 + -13*(2 + -1). Let n = -11 - a. What is the highest common divisor of r and n?
4
Let p = 33 - 20. Let t(j) = -j - 3. Let w be t(-6). Suppose -w*m + 5*i + 210 = 2*m, -4*m - 4*i + 144 = 0. Calculate the highest common factor of p and m.
13
Suppose 0 = 5*y - 4 - 16. Calculate the greatest common divisor of y and 44.
4
Let p(b) = -3*b**2 + 4*b. Let w be p(3). Let a be 6 + -6 + (1 - w). What is the greatest common divisor of 32 and a?
16
Let a(m) = -2*m**2 - 29*m - 8. Let p be a(-14). Calculate the greatest common divisor of 66 and p.
6
Let y be ((-2)/4 + -2)/(4/(-104)). What is the highest common factor of 13 and y?
13
Let y = -5 - -8. Let r be (-2 - (y - 107)) + -2. What is the highest common factor of 20 and r?
20
Let x be 78/4*(-10)/(-3). Calculate the greatest common divisor of x and 26.
13
Suppose 0 = 3*k - 0*k - 75. Let p(f) = 15*f + 1. Let r be p(1). Let b = r + -6. What is the highest common divisor of k and b?
5
Let t be (-17)/68 - (-381)/4. Calculate the greatest common divisor of t and 19.
19
Suppose 3*y = 5*c - 633, -3*c = -0*y + 3*y - 375. Suppose -2*x + 36 = -r, -3*x - 3*r = -0*r - 54. Calculate the highest common factor of x and c.
18
Suppose -5*i + 267 = 3*u, -2*i = -u - 53 - 45. Suppose 0 = 4*a - 3*d - 71, -2*d = 4*a - 3*a - 15. What is the highest common divisor of i and a?
17
Let r(t) = t + 6. Let x be r(4). Suppose x = l + 1. Calculate the highest common factor of l and 99.
9
Suppose g - 11 - 8 = 0. Let o(u) = -2*u + 9. Let j be o(3). Suppose 381 = j*t + 39. Calculate the highest common divisor of t and g.
19
Let p(u) = 3*u**2 + 4*u - 8. Let k be p(-7). Let l be (-6)/(k/60 + -2). Calculate the highest common factor of l and 16.
8
Suppose -5*k = 5*o + 10, 5*k + 4*o = 8*k - 29. Calculate the highest common factor of 24 and k.
3
Let b = -13 - -13. Suppose b*l = 2*l - 48. Let s = -152 - -248. What is the highest common factor of l and s?
24
Suppose 2*y - 14 = -3*c, -2*c - c + 16 = y. Let q = 0 - -3. Let a = q + -1. Calculate the greatest common factor of a and c.
2
Let w be 2/8 + (-626)/8. Let b = w - -26. Let n be ((-8)/(-2))/((-8)/b). Calculate the greatest common factor of 65 and n.
13
Let k = -1 - -4. Suppose q - k*q = 168. Let x = q + 120. Calculate the greatest common divisor of x and 6.
6
Let w = -12 - -24. Let g(b) = b + 4. Let x be g(-1). What is the highest common factor of x and w?
3
Let w be (-4)/6 - (-13)/(-3). Let j be 1/((-4)/8 + (2 - 1)). Let p be (-1)/(-2) - w/j. What is the highest common divisor of p and 9?
3
Let x = 7 + -8. Let d be 1 + -2*31*x. Calculate the highest common divisor of 9 and d.
9
Suppose r = 2*r - w - 26, 5*w - 110 = -3*r. Calculate the highest common divisor of r and 6.
6
Suppose -3*v + 5 = 5*z, 0*z = 2*z - v + 9. Let n be (6 + z)*30/2. What is the greatest common factor of 24 and n?
12
Suppose 0 = -q + 3 - 1, -2*x - q = -34. What is the greatest common divisor of x and 24?
8
Let f = 3 + 1. Suppose 